4*y - 7. Calculate f(t).
-12
Let j(g) = -g**2 - 8*g - 1. Let c be j(-5). Suppose 91 = -7*m + c. Let r(x) = x + 9. What is r(m)?
-2
Let g = -9 + 3. Let o(y) = 14*y**3 - 32*y**2 + 27*y - 7. Suppose -9*f = 25 + 29. Let w(v) = 5*v**3 - 11*v**2 + 9*v - 3. Let s(h) = f*o(h) + 17*w(h). Give s(g).
9
Suppose -58*f - 62 = -120*f. Let x(h) = -8*h + 1. Let w(l) = 9*l - 1. Let o(t) = -6*w(t) - 5*x(t). Calculate o(f).
-13
Suppose 13*v - 14 = 6*v. Suppose 5*c - v*c = 3. Let q(m) = -4 + m - 2*m + 3 - c. Give q(4).
-6
Let c be (-2)/(((-6)/(-7))/(-3)). Let m = 454 + -452. Let n(u) = 17*u**2 + 1 + 4*u**2 - 6*u**2 - u**3 - 8*u**m + 5 - 4*u. What is n(c)?
-22
Let m(g) = g**2 - 19*g - 58. Let x be m(-3). Suppose -12 = x*n - 36. Let c(q) be the first derivative of 2*q**3/3 - 2*q**2 + 4*q + 1. What is c(n)?
10
Suppose -5*j - 388 = 282. Let i = j + 136. Let k(n) = -n + 8. Let d(x) = x - 9. Let o(t) = i*k(t) + 3*d(t). Give o(7).
-4
Let y be 5 + (-6 - -10) + -3. Let w(g) = -7*g + y + 133*g**2 - 2 - 277*g**2 - g**3 + 136*g**2. Let l = -19 - -12. Determine w(l).
4
Let z(n) = 5*n - 8. Let d be 0/(-5 - -9) + -3. Let u be (-15)/(-12) + 5/(-20) - d. Calculate z(u).
12
Let g(l) = -2*l**3 - 13*l**2 - 20*l - 12. Let u be g(-6). Suppose 90 = -27*v - u. Let i(p) = -p**3 - 6*p**2 + 2*p + 6. What is i(v)?
-6
Let t(n) be the second derivative of -7*n**3/2 + 30*n**2 + 33*n - 5. Calculate t(3).
-3
Let i(p) = -11 + p + 32 - 6 - 8 - 15. Suppose 0 = -2*a + 6*a + 56. Let m = a + 18. What is i(m)?
-4
Let t(d) be the third derivative of 2/3*d**3 - 105*d**2 + 0*d + 0 - 1/24*d**4. Determine t(3).
1
Let r(n) = n**2 - 22352*n + 31 + 22364*n + 5*n**2 + n**3. What is r(-5)?
-4
Suppose -20 = q - 11*q. Let v(y) = 15*y**q + 18*y**2 - 22*y**2. What is v(1)?
11
Let u(b) be the first derivative of b**3 + 210. Let p = 4 + 3. Suppose m - 3*w = 4, -2*m = 2*m - 3*w - p. What is u(m)?
3
Let q be 4 - (3 - 6) - 5. Suppose 0 = 3*g + 2*z - z + 17, -q*g - 18 = 2*z. Let f(v) = v**3 + 3*v**2 - 6*v - 1. What is f(g)?
7
Let f(c) = -6 - 24*c**2 + 156*c - 151*c + 22*c**2. Let y be (2/5)/(2/(-10)). Let r(o) = -10*o**2 + 25*o - 31. Let n(w) = y*r(w) + 11*f(w). Give n(3).
-7
Let j(o) = 9*o + 1 + 11*o**2 + 0 - 7*o - 22*o**2. Let m be 5 - (2 + (5 - 1)). Calculate j(m).
-12
Let h(c) = -6*c**3 + 64*c**2 - 3*c + 56. Let t(z) = -4*z**3 + 45*z**2 - 2*z + 38. Let i(v) = 5*h(v) - 7*t(v). Give i(4).
-38
Let g(m) be the third derivative of -m**4/24 - m**3 - 62*m**2 - 10. Determine g(-5).
-1
Let o(h) be the second derivative of 157*h + 0 - 15/2*h**2 + 1/6*h**3. Determine o(0).
-15
Let g be (5 + 33/(-6))/(1/(-2)). Suppose -2*y + 10 = -4*x, x + 5*y = -x + g. Let p be (1 + -6 + x)/(-1 + 0). Let c(u) = 2*u + 1. Give c(p).
15
Let l(c) = -c. Let t(d) be the third derivative of d**4/6 + 7*d**3/6 - 4*d**2. Let v(s) = s**2 + 17*s + 13. Let i be v(-16). Let a be t(i). Determine l(a).
5
Let v(s) = 3*s**2 + 4*s - 1. Suppose 0 = f - 15 + 17. Let i(l) = -7*l**2 - 7*l + 1. Let m(x) = f*i(x) - 5*v(x). Give m(-6).
3
Let g(m) = -m**2 - 22*m - 107. Let o(i) = -i**3 - 17*i**2 + 44*i + 106. Let c be o(-19). Determine g(c).
5
Let j(i) = -i**3 + 10*i**2 + 10*i + 18. Let o = 24171 - 24160. Give j(o).
7
Let t be 2 + -10 + 5 + 6. Suppose -2*f + 5*f - 33 = 0. Let s(j) = -6*j**t + 0*j + 4*j**2 - 4*j**3 + f*j**3 - 4*j. Calculate s(-5).
-5
Suppose 0 = 5*c + 3*b - 43 - 47, -3*c + 83 = -4*b. Let y = 35 - c. Let p(o) = -4*o + 4*o**2 + 5*o**2 - y*o**3 - 2*o**2 + 13*o**3 - 7. Determine p(6).
5
Let s(a) = 4*a + 2. Let j be -3*((-4)/(-3) + (27 - 29)). Determine s(j).
10
Suppose -7*q = -0*q - 28. Suppose 9*n - 14*n + 6 = 2*v, -q*n - v + 3 = 0. Let r be 12/20 + 36/15 + n. Let l(s) = -2*s + 2. Determine l(r).
-4
Let r(q) = -q**3 + 4*q**2 - 5*q + 5. Suppose 7*k + 6 = 9*k. Suppose -k*a + 2 = -7. Suppose a*m - 5*m = -8. Calculate r(m).
-15
Suppose 322 = -43*r - 366. Let z(d) = 2*d + 51. Determine z(r).
19
Let q(i) = -i**3 + 5*i**2 - 5*i - 4. Suppose 2*w - 5*d + 5 = w, 2*d - 46 = -4*w. Suppose 2*j - 6 = -o, -o + w = 16*j - 13*j. Determine q(j).
-8
Let x(g) = g**2 + 12*g + 4. Let z be x(-12). Let d(t) = -7*t**2 - 5*t + 8. Let j(n) = n**2 + n - 1. Let c(u) = -d(u) - 6*j(u). What is c(z)?
10
Let s(h) = -13*h**2 + 16*h - 30. Let j(l) = -9*l**2 + 6*l - 27. Let b(y) = 3*j(y) - 2*s(y). Give b(-11).
12
Let a(b) be the third derivative of -b**6/60 - 19*b**5/30 - 5*b**4/3 - 61*b**3/6 - 119*b**2 - 4*b. What is a(-18)?
11
Let z = 18 - 11. Let x(a) = 7*a + 17. What is x(z)?
66
Suppose 3*c + r = -3*r - 19, -4*c = -r. Let p be c/(0 - (-6)/24). Let x(h) = -2*h - 6. What is x(p)?
2
Let a(w) = 2*w**2 + 17*w + 3. Suppose 11*z - 273 = -10*z. Suppose -z*l - 43 - 61 = 0. Give a(l).
-5
Let n(x) = -2*x**2 + x**2 + 3*x**2 - 5*x**2 + 4*x**2 + 6 + 3*x. Let p(f) = f**3 - 2*f**2 - 51*f + 19. Let j be p(8). What is n(j)?
16
Let c(f) be the second derivative of 7*f**4/3 - f**2/2 - 2498*f. Calculate c(-1).
27
Suppose 308351*h - 6 = 308348*h. Let t(m) = 13*m**2 - 7*m + 4. Calculate t(h).
42
Let f(d) = -5*d**2 - 54*d + 1. Let y(w) = -w**2 - 13*w + 1. Let r(s) = f(s) - 4*y(s). What is r(-3)?
-6
Let p(j) = -j**2 + 5*j + 2. Let s be p(5). Let k(y) = -s*y + 1 + 0*y + 0*y**2 - y**2. Suppose 613*r - 6 = 616*r. Calculate k(r).
1
Let s(z) be the first derivative of z**3/3 - z**2/2 + 3*z - 7456. Calculate s(0).
3
Let a(c) = -c**3 - 33*c**2 + 57*c - 455. Let g be a(-35). Let s(j) = -j**3 + j + 15. Calculate s(g).
15
Let k(d) = d**3 + 10*d**2 + 12*d + 29. Let i be k(-9). Let w(q) = 125 + 5*q - 5*q**i + q**3 - 133 - 4*q. What is w(5)?
-3
Suppose 3*s - 20 = -2*s. Let n(v) = 5*v**3 - 5*v - 2. Let r(h) = -14*h**3 + 14*h + 4. Let p(u) = s*r(u) + 11*n(u). What is p(0)?
-6
Let y(k) be the first derivative of 0*k + 20 + 1/8*k**4 - 2/3*k**3 - 5/2*k**2. Let c(x) be the second derivative of y(x). What is c(-4)?
-16
Let l(k) = 3*k**3 + 23*k**2 + 4*k - 6. Let x(v) = -4*v**3 - 31*v**2 - 5*v + 8. Let a(i) = -11*l(i) - 8*x(i). Calculate a(-3).
-4
Let b(t) = 8*t**2 - 1. Let q(g) = -16*g - 19 + 9*g + 3*g. Let j(c) = -c + 1. Let w(i) = -2*j(i) + q(i). Let k be w(-10). Give b(k).
7
Let b(w) = w + 5. Let o(a) = 3*a**2 - 10*a + 16. Let h be o(4). Let v be (-3)/((-138)/h - -5). Give b(v).
9
Let g(p) = -p**2 - 4*p. Suppose -25*j + 20*j = 0. Suppose j = h - 4, 3*r - 70 = 4*h + h. Let a = r + -34. Give g(a).
0
Let b be (-3 - 32/(-12)) + (-14)/(-6). Suppose -3*v + 3*q = 4*q + 19, 3*v + 17 = -b*q. Let s be 6/(-189)*v + (-61)/(-9). Let y(p) = p - 15. What is y(s)?
-8
Let w(z) = -z**3 + 4*z**2 + 5*z - 4. Let n(u) = -79*u - 1417. Let a be n(-18). What is w(a)?
-4
Let d(z) = z**3 - 9*z**2 - 8*z + 1. Let m(g) = -36*g + 3934. Let x be m(109). Determine d(x).
21
Let k(i) = -19*i**2 - 29 - 18*i**3 + 43*i**3 - 2*i - 26*i**3. What is k(-19)?
9
Suppose 5*b = 12 - 27. Let q(x) = -3*x**3 - 2*x**2 + 7*x + 6. Let t(g) = -7*g**3 - 5*g**2 + 15*g + 13. Let m(d) = -5*q(d) + 2*t(d). Give m(b).
-16
Suppose -3*t - 184 = -5*w, -2*w = -5*t + 81 - 356. Let f = 55 + t. Let n(c) = -c**f + 0*c**2 + 2 - 3*c - 7 - 2*c. Determine n(-5).
-5
Let w(t) = -2 + 45*t**2 + 1 + 52*t**2 - 109*t**2 + 11*t**2 + t. What is w(-5)?
-31
Let q = -10 - -12. Let r(p) = p**3 - 2*p**2 - 1. Let b be r(q). Let d be (-7 - (-5 - b))*1. Let a(v) = -v**2 - v + 4. Give a(d).
-2
Let s be (1 + 50)/(15*(-10)/(-50)). Let d(h) = -40*h + 38*h - 12*h**2 + 13*h**2 - s. Give d(5).
-2
Let m(d) = -d - 2. Let c(g) = 3*g**3 + 4*g**2 + 3*g + 2. Let f be c(-2). Let w be 4*46/20 + f/(-15). What is m(w)?
-12
Let b = 154 - 122. Let s be (-5)/(5/2) - -28. Let a = s - b. Let i(r) = r + 3. Calculate i(a).
-3
Let i(y) = -6*y + 3. Let d(k) = -77*k + 100. Let g(f) = -d(f) + 15*i(f). Determine g(-3).
-16
Let x(s) = -10*s**2 - 7*s - 2*s**3 - 4 + 2*s**2 + s**3. Let u = 454 + -422. Suppose 0 = 4*f, 0 = -3*m + 2*f + 11 - u. Determine x(m).
-4
Let m(p) = p. Suppose 2*t + 0*q = -q, -q - 6 = -t. Let o be (-72)/(-34) + t/(-17). Suppose -2*r = o*v - 8, 0 = -r + 4*v - 3*v - 6. Calculate m(r).
-1
Let s(p) be the third derivative of -1/60*p**5 + 0*p + 1/24*p**4 + 5/6*p**3 - 29*p**2 + 1. Give s(0).
5
Let l be (4 + -1)*(-6)/9. Let n(w) be the first derivative of w**3 - w**2/2 + 18283. Calculate n(l).
14
Suppose 0 = 10*x - 53*x + 172. Suppose -x*n - 37*w + 32*w - 8 = 0, 2*n = -w + 2. Let k(a) = a - 5. Determine k(n).
-2
Let p(c) be the seco